= -4*x - 374. Let h = -90 - x. Suppose -w + 2*u = -1743, w + h*u - 1548 - 160 = 0. Is w composite?
False
Suppose -5*a + 1182 = -6*a. Let u = a + 2655. Is u a prime number?
False
Let r = -351413 + 493710. Is r prime?
True
Let u be (-1)/(-3)*-3*1. Suppose -2*h - 6 = 5*d - 756, 3*d = -12. Is (u + h/15)/((-2)/(-6)) a prime number?
False
Is 14/(-8) + (-3309135)/(-20) a composite number?
True
Let s = -400960 + 1021869. Is s prime?
True
Let p(i) = -7*i - 32. Let c be p(-5). Suppose 5*l - 22 = -4*b, c*l - 2*b - 19 - 3 = 0. Suppose -t - 12333 = -3*o, 5*o - l*t = -t + 20555. Is o composite?
False
Let c(g) = -g**2 + 13*g - 4. Let o(r) = -r - 1. Let f(b) = -c(b) + 2*o(b). Let j be f(15). Suppose 9*x = j*x + 938. Is x a composite number?
True
Suppose 38*f - 36 = 32*f. Suppose 0 = -f*k + 7*k - 6. Suppose 0 = -k*y - 5*y + 50281. Is y a prime number?
False
Let d(t) = -41*t + 1118*t - 25 + 795*t + 783*t - 47*t. Is d(2) a composite number?
True
Suppose -21*f - 25*f = 25*f - 26964877. Is f a prime number?
True
Suppose q + 1932 = -11286. Let t = -3715 - q. Suppose -3*n = o - 2063, -4*o - n - 1295 + t = 0. Is o prime?
False
Suppose -5*x = 21 - 1, -5*x - 24 = -2*h. Let o be (0 - h) + 7390 + 0. Suppose -58*w + 54*w = -o. Is w prime?
True
Let z = 133202 + 415857. Is z prime?
False
Let b = 60410 + -32183. Let y = -8908 + b. Is y composite?
False
Let n(u) = 2*u**3 + 8*u**2 + u - 2. Let x be n(12). Is (-2 + (-7)/(-2))*x a prime number?
False
Let b(r) be the first derivative of -9*r**4/4 - 2*r**3 + 5*r**2/2 + 21*r - 121. Is b(-5) a prime number?
True
Let i be 5/((-5)/26)*442. Let k = -2697 - i. Suppose -2*a + k = 3*a. Is a a prime number?
True
Let t be (-844)/14 + ((-24)/(-42))/2. Is (-19056)/t - 6/10 a composite number?
False
Let b(d) = 2*d + 24. Let c be b(8). Let g = -43 + c. Is (1 - -4) + g + 491 a composite number?
True
Suppose 0*l - 9 = m + 3*l, 2*m + l + 18 = 0. Is (-10473)/(-5*m/(-45)) a prime number?
False
Suppose -37*a - 2 = -38*a. Suppose -4*z = -a*f - 0*f + 12910, -3*z = -3. Is f composite?
True
Suppose -71*b - 46903 = -72*b + 2*x, 0 = -4*x - 12. Is b prime?
False
Suppose 3*q + 3*q = 39234. Let b = 10180 - q. Is b composite?
True
Suppose -209649 = -3*o + 3*i, 15*o + 2*i = 14*o + 69895. Is o a prime number?
False
Is 3 - 3 - -3 - (-48 + -68996) prime?
False
Suppose 3 = -i + 17. Suppose 5*z = 1 + i, 0 = 3*q - 5*z - 101718. Is q prime?
True
Let h = 28439 + -10345. Suppose 2585 - h = -13*l. Is l a prime number?
True
Suppose 15*c - 3786035 = -85*c + 5*c. Is c a prime number?
False
Let b(m) be the second derivative of 21*m + 0 - 1/2*m**2 - 682/3*m**3. Is b(-1) a composite number?
True
Let g = -8876 - 3265. Let o = 21244 + g. Is o composite?
False
Suppose 72*q - 4129779 + 211565 = 10*q. Is q composite?
False
Suppose 3*i - 1689821 = 1884202 - 849492. Is i a prime number?
False
Let x = 46204 + -11105. Is x composite?
False
Let g(s) = -6*s + 18. Let x be g(4). Let k be (-502)/x - -2 - (-6)/(-9). Suppose 5*a - 258 = -5*z + 147, a - k = -3*z. Is a composite?
False
Let d(f) = -13*f - 46. Suppose 6*q - 40 = 2*l + q, q - 17 = l. Is d(l) a prime number?
True
Let p(l) = 2740*l**2 - 105*l + 57. Is p(-12) composite?
True
Suppose 124*h = 34*h + 6091110. Is h prime?
True
Suppose -2*i + 24168 = 4*l - 5876, i + 15014 = 2*l. Let x = l + -3016. Is x prime?
True
Let k(u) be the second derivative of -7*u**5/10 + u**4/12 - 4*u**3/3 - 3*u**2/2 + 6*u. Let s be k(-6). Suppose s = 5*p - 660. Is p composite?
True
Let j(u) be the first derivative of 10123*u**4/4 - 2*u**3/3 + u**2 + 113. Is j(1) composite?
True
Suppose -662*a = -604*a - 6572444. Is a a composite number?
True
Suppose -x = 3*n - 6*n + 635960, 5*x = -4*n + 847953. Is n composite?
True
Suppose -6112 = -5*p + 4*k - 109, 5*k = -4*p + 4786. Suppose 0*u - u - 1179 = -2*t, -2*t + 5*u + p = 0. Is t prime?
True
Let n(k) = -32 + 24 + 25 + 849*k. Is n(5) prime?
False
Let s be (-11)/(-99) + (-89)/(-9). Suppose -3*i + 190 = s. Suppose -3*r + i = -a, -2*a + 0*a - 6 = 0. Is r prime?
True
Suppose -40 = -8*l + 40. Let q be (2 + (-1588)/5)/(l/550). Is (-2)/7 + q/(-42) prime?
False
Let l be 10 + -8 + (5 - 3). Is 0 - (l/(-18) - (-163285)/(-9)) prime?
True
Suppose -h - 1 + 1 = 0. Suppose 3*x + 3 = h, -3*g - 3*x + 2601 = -0*g. Suppose 2*d - 3*s = 865, -2*d = -3*s + s - g. Is d composite?
True
Let j = 101582 + -29203. Is j a composite number?
False
Suppose 0 = -39*s + 42*s - 2*a - 59350, -5*s + 98934 = a. Let h = s - 6363. Is h prime?
False
Suppose -2*v + 3*m = -m, -4 = 2*v - 3*m. Let r be v*9/(-6) + -4. Suppose r*n = 2369 + 4791. Is n a prime number?
False
Let w(m) = -12 - 2 - 7*m + 50*m + 58*m. Is w(11) a prime number?
True
Let c be (11 - (-6)/6) + -6. Is (-1)/(c + (-178941)/29823) a prime number?
True
Let b = 401401 - 61710. Is b prime?
False
Let k be 50/40*(4 - 0). Suppose k*x - 5*n = 19720, n + 944 = 4*x - 14826. Suppose 5*d - g - 6580 = -4*g, 3*d = -3*g + x. Is d a composite number?
False
Let l = 100 - 93. Let q be (-2991)/(l/((-70)/(-15))). Is (2 + (-1 - -2))*q/(-6) a prime number?
True
Suppose -3*n - 2*n = 15, 3*g + 5*n + 6 = 0. Suppose -17017 = -g*v + 176. Is v a prime number?
False
Suppose -3*c = -8*c + 95. Let m = c + -15. Is 1 - (2 - (592 - m)) composite?
False
Let n be (-85)/34*(36/(-10) - -2). Suppose -3*o - 2*q = 3*q - 27876, -n*o - 4*q + 37160 = 0. Is o prime?
False
Let p = -439 + 1528. Suppose -2*t - 325 = -p. Is t prime?
False
Let l(w) be the first derivative of w**4/4 - 2*w**3/3 + w**2/2 + 2*w - 1. Let n be l(-1). Is (59 - n)/((-2)/(-6)) a prime number?
False
Is -33 + 28 - (-94095 + 9/3) composite?
True
Suppose 8*b - 17 = 95. Let j be (24/84)/(2/b). Is 1657*4/(j + 2) prime?
True
Suppose 5*o - 350767 = -22*o + 22040846. Is o composite?
False
Let n(s) = 20*s**2 + 5*s - 38. Suppose 4*u + 7*u = 143. Is n(u) composite?
False
Is 14/14*(-2)/(8/(-1097884)) a prime number?
True
Let o be ((-124)/20 + (-1)/(-5))/(-1). Let n be (o/((-54)/(-105)) - 4)*24. Suppose n = -c + 1521. Is c prime?
False
Let f(h) = -243*h**3 - 3*h**2 + 23*h + 6. Is f(-7) a prime number?
True
Let f = 52564 - 29031. Is f a composite number?
True
Suppose -2*r - 223 = -3*w, 0 = 4*w - 4*r - 228 - 72. Suppose w - 10 = 7*i. Is 2 + 763 + (i - 11) a composite number?
True
Let x(a) = -2*a**2 - 20*a - 39. Let f be x(-3). Is (21/f - 5)/(1/2647) a prime number?
False
Let h be -3 - 0 - (-12)/(8/2). Let l = h - -20. Let f = 39 - l. Is f composite?
False
Let j(h) = -734*h**3 - h**2 - 6*h - 5. Let d be j(-1). Suppose -d = -6*k + 700. Is k prime?
True
Let y(k) = -20 + 36 - 39 + 235*k - 47. Is y(3) a prime number?
False
Let z = 754071 + -169231. Suppose 8*v = -32*v + z. Is v a prime number?
True
Let x = 44 - 32. Suppose -x*n - 1509 = -4*s - 7*n, 3*s + n - 1146 = 0. Is s composite?
True
Let d = 116657 - 57274. Is d a composite number?
True
Let t(h) = 9*h**2 - 4*h. Let n be t(-2). Let l = 46 - n. Is 1 - -1 - -2357 - (l - 5) composite?
True
Let q = -628 + 1076. Suppose 0 = -5*z - 3*k + 5676, 4*k + 3423 = -15*z + 18*z. Suppose 5*j - q - z = 0. Is j a prime number?
True
Is (-132)/(-66)*(0 + (-301343)/(-2)) a prime number?
False
Let b(l) = 557*l**3 - 2*l**2 + 143*l - 116. Is b(9) composite?
True
Let x = -879 + 1692. Is x/2*408/36 prime?
False
Let l = 1661399 - 678870. Is l a composite number?
True
Let i = -23801 - -42922. Is i composite?
False
Let d(f) = 26*f - 17. Let c(z) = -z**3 - 4*z**2 + z. Let n be c(-3). Let h be ((-7)/(98/n))/(2/14). Is d(h) composite?
False
Let t = -145 + 147. Suppose 17*d + t*d - 14231 = 0. Is d prime?
False
Let r = 277 - 271. Is (-33316)/r*24/(-16) a composite number?
False
Let r(a) = 3*a - 4. Let t = 39 - 37. Let j be r(t). Suppose j*i - 4227 = -i. Is i composite?
False
Is 12 - 17/((-51)/324762) composite?
True
Suppose -90826 + 15046 = -10*r. Suppose 351 = 3*x - r. Is x a composite number?
True
Let o be (-10872)/(-9) + 10/2. Suppose -13*x = -5022 + o. Is x a prime number?
True
Let k be 4/3 - 1 - (-7)/(-21). Is 10/(10/7121)*(k - -1) a composite number?
False
Let f(r) = -2335*r - 2. Let o(h) be the third derivative of h**5/30 + 2*h**4/3 + 13*h**3/6 - 12*h**2. Let v be o(-7). Is f(v) a prime number?
True
Let c = -40 + 45. Suppose 4*u + 92 = -2*l - 2*l, -c*u - l = 107. Let b = 194 - u. Is b prime?
False
Let b = -30 - -33. Suppose 3*k = b, -2*d - 5*k = d + 4. Is (-209